are the prime factors of 119834196?
2, 3, 9986183
What are the prime factors of 1126135406?
2, 11, 419, 122167
What are the prime factors of 2112240665?
5, 29, 41, 355297
List the prime factors of 265418723.
37, 7173479
What are the prime factors of 1069691464?
2, 133711433
What are the prime factors of 5565947948?
2, 11, 31, 41, 99527
List the prime factors of 842127546.
2, 3, 13, 10796507
List the prime factors of 801119907.
3, 7, 1013, 12553
List the prime factors of 179685308.
2, 11, 17, 229, 1049
What are the prime factors of 120697027?
11, 601, 18257
What are the prime factors of 1601822974?
2, 800911487
What are the prime factors of 392009181?
3, 130669727
List the prime factors of 1081774176.
2, 3, 7, 41, 71, 79
What are the prime factors of 622996318?
2, 7, 44499737
What are the prime factors of 160924?
2, 40231
List the prime factors of 10038257.
10038257
What are the prime factors of 7913657?
7913657
What are the prime factors of 47452570?
2, 5, 11, 39217
What are the prime factors of 229737153?
3, 76579051
What are the prime factors of 751082638?
2, 467, 804157
What are the prime factors of 1364824137?
3, 6857, 66347
List the prime factors of 49912551.
3, 13, 43, 3307
What are the prime factors of 33458833?
33458833
List the prime factors of 16137023.
7, 19, 17333
What are the prime factors of 1409571845?
5, 11, 25628579
List the prime factors of 210178505.
5, 41, 1025261
List the prime factors of 351973909.
7, 71, 97, 149
What are the prime factors of 670506427?
670506427
What are the prime factors of 364443300?
2, 3, 5, 13, 3461
What are the prime factors of 1197684558?
2, 3, 7, 1357919
What are the prime factors of 38715757?
211, 183487
List the prime factors of 73993377.
3, 37, 666607
List the prime factors of 4700729305.
5, 23, 71, 575717
What are the prime factors of 2608309555?
5, 521661911
List the prime factors of 263160783.
3, 271, 107897
What are the prime factors of 430344104?
2, 457, 117709
List the prime factors of 15046827.
3, 37, 283, 479
List the prime factors of 966151376.
2, 60384461
What are the prime factors of 8987638126?
2, 41, 107, 137, 7477
What are the prime factors of 91490961?
3, 30496987
List the prime factors of 619040268.
2, 3, 7, 11, 223319
List the prime factors of 228541107.
3, 76180369
List the prime factors of 28233476.
2, 701, 10069
List the prime factors of 136049257.
136049257
List the prime factors of 278759992.
2, 7, 163, 30539
What are the prime factors of 638542187?
638542187
What are the prime factors of 22111518?
2, 3, 11, 13, 25771
What are the prime factors of 218602327?
23, 37, 256877
List the prime factors of 130353510.
2, 3, 5, 7, 620731
What are the prime factors of 708397353?
3, 26236939
List the prime factors of 682506138.
2, 3, 113751023
List the prime factors of 84261356.
2, 29, 726391
List the prime factors of 466563572.
2, 17, 79, 86851
List the prime factors of 54902431.
5399, 10169
List the prime factors of 981909832.
2, 122738729
List the prime factors of 1185353486.
2, 311, 1905713
What are the prime factors of 200756090?
2, 5, 19, 41, 25771
What are the prime factors of 298786228?
2, 13, 53, 108413
What are the prime factors of 951298441?
19, 41, 83, 14713
List the prime factors of 5151836221.
7, 53, 13886351
What are the prime factors of 937454812?
2, 7, 29, 569, 2029
What are the prime factors of 85126862?
2, 37, 1150363
What are the prime factors of 263771715?
3, 5, 31, 179, 3169
List the prime factors of 4253613935.
5, 89, 9558683
What are the prime factors of 64358212?
2, 16089553
What are the prime factors of 773781077?
673, 1149749
What are the prime factors of 600771109?
17, 23, 37, 131, 317
What are the prime factors of 209386453?
1579, 132607
List the prime factors of 216063830.
2, 5, 61, 127, 2789
What are the prime factors of 190367176?
2, 4447, 5351
List the prime factors of 139192091.
139192091
What are the prime factors of 493821796?
2, 13, 9496573
What are the prime factors of 460256276?
2, 115064069
What are the prime factors of 87968481?
3, 461, 63607
List the prime factors of 626215254.
2, 3, 7, 14909887
List the prime factors of 926766183.
3, 7, 44131723
What are the prime factors of 3593716170?
2, 3, 5, 11, 10890049
What are the prime factors of 243456003?
3, 7, 199, 6473
What are the prime factors of 3318987233?
3318987233
List the prime factors of 58748358.
2, 3, 661, 14813
What are the prime factors of 259320554?
2, 129660277
List the prime factors of 512417985.
3, 5, 34161199
List the prime factors of 202661392.
2, 3547, 3571
List the prime factors of 3030312661.
727, 2003, 2081
List the prime factors of 1206909535.
5, 13, 359, 51721
List the prime factors of 938663444.
2, 234665861
What are the prime factors of 541330143?
3, 180443381
List the prime factors of 104855214.
2, 3, 47, 71, 5237
What are the prime factors of 125785900?
2, 5, 1257859
List the prime factors of 9320154.
2, 3, 109, 14251
List the prime factors of 754236555.
3, 5, 43, 103, 11353
What are the prime factors of 187422289?
19, 9864331
What are the prime factors of 393041304?
2, 3, 5458907
What are the prime factors of 793128311?
263, 3015697
List the prime factors of 129730742.
2, 43, 503, 2999
List the prime factors of 43993209.
3, 13, 1128031
List the prime factors of 19267967.
313, 61559
List the prime factors of 1669652648.
2, 208706581
List the prime factors of 99119365.
5, 233, 85081
What are the prime factors of 310633504?
2, 9707297
List the prime factors of 39241619.
3259, 12041
List the prime factors of 1886408939.
19, 347, 359, 797
What are the prime factors of 19004342?
2, 7, 1357453
List the prime factors of 792442754.
2, 797, 497141
What are the prime factors of 172347678?
2, 3, 9574871
List the prime factors of 641952048.
2, 3, 13374001
What are the prime factors of 1381657114?
2, 41, 857, 19661
List the prime factors of 194005790.
2, 5, 11, 823, 2143
What are the prime factors of 154316332?
2, 2689, 14347
List the prime factors of 283756636.
2, 1291, 54949
List the prime factors of 22077451.
11, 47, 42703
What are the prime factors of 807080158?
2, 43, 97, 96749
What are the prime factors of 1403223838?
2, 701611919
List the prime factors of 523650687.
3, 7, 1223, 20389
What are the prime factors of 41551717?
43, 966319
List the prime factors of 71559801.
3, 41, 127, 509
What are the prime factors of 46270478?
2, 181, 127819
What are the prime factors of 58999306?
2, 29499653
List the prime factors of 158206877.
7529, 21013
List the prime factors of 139084146.
2, 3, 7726897
List the prime factors of 72566053.
7, 797, 13007
List the prime factors of 3765294148.
2, 7, 11, 12224981
What are the prime factors of 1794899423?
17, 233, 453143
What are the prime factors of 15016683?
3, 11, 113, 4027
List the prime factors of 33215609.
7, 4745087
What are the prime factors of 2369578540?
2, 5, 7, 19, 73, 12203
What are the prime factors of 125783612?
2, 17, 1849759
What are the prime factors of 4439163041?
5801, 765241
List the prime factors of 2447589259.
41, 59697299
What are the prime factors of 4791159742?
2, 17, 103, 1368121
What are the prime factors of 1878602541?
3, 79, 7926593
List the prime factors of 419614644.
2, 3, 811, 43117
List the prime factors of 16184713.
19, 107, 419
List the prime factors of 33044260.
2, 5, 17, 5717
What are the prime factors of 65473799?
65473799
List the prime factors of 259439455.
5, 11, 331, 14251
What are the prime factors of 29455939?
23, 1280693
List the prime factors of 303715477.
13, 138241
What are the prime factors of 693362348?
2, 7, 3537563
What are the prime factors of 54456383?
83, 509, 1289
What are the prime factors of 35143831?
1423, 24697
List the prime factors of 805754320.
2, 5, 7, 1438847
What are the prime factors of 393336564?
2, 3, 971, 33757
What are the prime factors of 26007243?
3, 41, 211441
What are the prime factors of 1980888222?
2, 3, 379, 871103
List the prime factors of 64250074.
2, 7, 73, 1283
What are the prime factors of 3068599410?
2, 3, 5, 71, 160073
What are the prime factors of 1209399781?
67, 233, 77471
List the prime factors of 253381771.
5237, 48383
List the prime factors of 13420789.
59, 227471
List the prime factors of 1152074025.
3, 5, 19, 23, 11717
What are the prime factors of 2